{"id":11,"date":"2020-02-29T19:55:24","date_gmt":"2020-02-29T19:55:24","guid":{"rendered":"https:\/\/trennungsplaner.ch\/?post_type=product&#038;p=11"},"modified":"2020-05-12T20:20:14","modified_gmt":"2020-05-12T20:20:14","slug":"unterhaltsberechnung-bei-trennung","status":"publish","type":"product","link":"https:\/\/scheidungsplaner.ch\/?product=unterhaltsberechnung-bei-trennung","title":{"rendered":"Beratung Scheidungsunterhalt"},"content":{"rendered":"<p>Die Unterhaltsberechnung stellt bei Scheidung oft ein Knackpunkt dar.<\/p>\n<p>Mit der Beratung Scheidungsunterhalt erhalten Sie:<\/p>\n<ul>\n<li>Umfassende Informationen zum Scheidungsunterhalt und zu desse Berechnung<\/li>\n<li>60 Minuten telefonische Beratung zum Scheidungsunterhalt<\/li>\n<li>Zugriff auf <a href=\"https:\/\/alicalc.ch\">AliCalc<\/a> zur Berechnung des Scheidungsunterhalts<\/li>\n<li>45 Minuten telefonische Beratung zur Interpretation der Berechnung des Scheidungsunterhalts.<\/li>\n<\/ul>\n<p>Umgehend nach dem Kauf der <strong>Beratung Scheidungsunterhalt <\/strong>, erhalten Sie per E-Mail:<\/p>\n<ul>\n<li>die Kauf-Best\u00e4tigung<\/li>\n<li>die <strong>Zugangsdaten f\u00fcr AliCalc<\/strong> sowie weiterf\u00fchrende Instruktionen sowie Terminvorschl\u00e4ge f\u00fcr die erste telefonische Beratung.<\/li>\n<\/ul>\n<h4>Erster Schritt<\/h4>\n<p>Im <strong>ersten Schritt<\/strong> installieren Sie AliCalc auf Ihrem Tablet oder Smartphone und melden sich mit den erhaltenen Zugangsdaten an. Dann k\u00f6nnen Sie sich einen \u00dcberblick \u00fcber AliCalc verschaffen und selbst\u00e4ndig mit der Dateneingabe beginnen. Dazu lesen Sie nach der erfolgreichen Anmeldung die Kurzanleitung, was keine Minute dauert. Legen Sie sich die aufgef\u00fchrten Unterlagen zurecht und schon k\u00f6nnen Sie mit der Eingabe der n\u00f6tigen Daten loslegen &#8211; einfach von oben nach unten durch die Liste arbeiten. AliCalc ist weitgehend selbsterkl\u00e4rend, ansonsten k\u00f6nnen Sie die <a href=\"https:\/\/alicalc.ch\/anleitung-alicalc\/\">Anleitung<\/a> Schritt f\u00fcr Schritt abarbeiten. Dabei helfen Ihnen auch die <a href=\"https:\/\/alicalc.ch\/unterhalt-szenarios\/\" target=\"_blank\" rel=\"noopener noreferrer\">Szenarios<\/a> sowie nach erfolgter Berechnung die <a href=\"https:\/\/alicalc.ch\/interpretation-der-unterhaltsberechnung\/\">Berechnungsinterpretation<\/a>.<\/p>\n<h4>Zweiter Schritt<\/h4>\n<p>Im <strong>zweiten Schritt<\/strong> antworten Sie bitte auf die Instruktions-E-Mail und schildern Sie kurz Ihre Situation und stellen Sie Ihre Fragen zum Scheidungsunterhalt und zur Berechnung. Zudem teilen Sie mit, welchen telefonische Beratungstermin Ihnen am besten passt. Anhand Ihrer Angaben bereitet sich der Berater auf das Gespr\u00e4ch vor, womit sichergestellt wird, dass Sie maximal von der Beratung profitieren k\u00f6nnen.<\/p>\n<h4>Dritter Schritt<\/h4>\n<p>Im <strong>dritten Schritt<\/strong> ruft Sie der Berater am vereinbarten Termin auf Ihre angegebene Telefonnummer an und Ihre vorg\u00e4ngig gestellten sowie weitere Fragen k\u00f6nnen im Rahmen der Beratung behandelt werden. Der Hauptfokus der Beratung liegt in der Regel auf Ihrer Berechnung. Je mehr Daten Sie bereits erfasst haben, desto mehr Zeit bleibt f\u00fcr die Beratung. Selbstverst\u00e4ndlich k\u00f6nnen die Daten auch gemeinsam besprochen und eingegeben werden. Dazu ist es allerdings notwendig, dass die n\u00f6tigen Unterlagen bereitliegen. Unter Umst\u00e4nden kommt es vor, dass f\u00fcr die Berechnung weitere Informationen besorgt oder abgekl\u00e4rt werden m\u00fcssen, bevor die Dateneingabe vervollst\u00e4ndigt werden kann. An dieser Stelle wird schliesslich auch der zweite Beratungstermin vereinbart.<\/p>\n<h4>Vierter Schritt<\/h4>\n<p>Im <strong>vierten Schritt<\/strong> werden beim zweiten Beratungstermin allf\u00e4llige weitere Fragen gekl\u00e4rt, ggf. fehlende Daten zur Berechnung erfasst und sp\u00e4testens jetzt die Berechnung durchgef\u00fchrt. Anschliessend wird die Berechnung auf Korrektheit und Plausibilit\u00e4t hin \u00fcberpr\u00fcft, allenfalls feinjustiert und das Ergebnis gemeinsam besprochen, damit Sie das Ganze auch umfassend verstehen. Am Ende verf\u00fcgen Sie \u00fcber Ihre Berechnung des Scheidungsunterhalts und wissen, wie viel Sie an Unterhalt bezahlen d\u00fcrfen, resp. erhalten k\u00f6nnen. An dieser Stelle muss darauf hingewiesen werden, dass die Berechnung eine rein rechnerische Diskussionsgrundlage zwischen den Partnern darstellt. Die Berechnung entspricht den geltenden gesetzlichen Vorgaben und ist, sofern die Daten korrekt sind, nachvollziehbar.<\/p>\n<h4>Wie geht es danach weiter?<\/h4>\n<p>Der Scheidungsunterhalt ist Bestandteil der Scheidungskonvention. F\u00fcr eine Scheidung ist der Gang zum Gericht unumg\u00e4nglich.<\/p>\n","protected":false},"excerpt":{"rendered":"<p>Telefonische Beratung zum Scheidungsunterhalt und der Berechnung.<\/p>\n","protected":false},"featured_media":152,"template":"","meta":[],"yoast_head":"<!-- This site is optimized with the Yoast SEO plugin v15.0 - https:\/\/yoast.com\/wordpress\/plugins\/seo\/ -->\n<title>Beratung Unterhalt Scheidung, resp. Berechnung Scheidungsunterhalt<\/title>\n<meta name=\"description\" content=\"Mit der Beratung f\u00fcr Scheidungsunterhalt verf\u00fcgen Sie am Ende \u00fcber Ihre individuelle Berechnung des Unterhalts als Basis f\u00fcr eine Konvention.\" \/>\n<meta name=\"robots\" content=\"index, follow, max-snippet:-1, max-image-preview:large, max-video-preview:-1\" \/>\n<link rel=\"canonical\" href=\"https:\/\/scheidungsplaner.ch\/?product=unterhaltsberechnung-bei-trennung\" \/>\n<meta property=\"og:locale\" content=\"de_DE\" \/>\n<meta property=\"og:type\" content=\"article\" \/>\n<meta property=\"og:title\" content=\"Beratung Unterhalt Scheidung, resp. Berechnung Scheidungsunterhalt\" \/>\n<meta property=\"og:description\" content=\"Mit der Beratung f\u00fcr Scheidungsunterhalt verf\u00fcgen Sie am Ende \u00fcber Ihre individuelle Berechnung des Unterhalts als Basis f\u00fcr eine Konvention.\" \/>\n<meta property=\"og:url\" content=\"https:\/\/scheidungsplaner.ch\/?product=unterhaltsberechnung-bei-trennung\" \/>\n<meta property=\"article:modified_time\" content=\"2020-05-12T20:20:14+00:00\" \/>\n<meta property=\"og:image\" content=\"https:\/\/scheidungsplaner.ch\/wp-content\/uploads\/2020\/02\/AC-BerCalcScheidung.png\" \/>\n\t<meta property=\"og:image:width\" content=\"400\" \/>\n\t<meta property=\"og:image:height\" content=\"300\" \/>\n<meta name=\"twitter:card\" content=\"summary_large_image\" \/>\n<script type=\"application\/ld+json\" class=\"yoast-schema-graph\">{\"@context\":\"https:\/\/schema.org\",\"@graph\":[{\"@type\":\"Organization\",\"@id\":\"https:\/\/scheidungsplaner.ch\/#organization\",\"name\":\"Trennungsplaner.ch\",\"url\":\"https:\/\/scheidungsplaner.ch\/\",\"sameAs\":[],\"logo\":{\"@type\":\"ImageObject\",\"@id\":\"https:\/\/scheidungsplaner.ch\/#logo\",\"inLanguage\":\"de\",\"url\":\"\",\"caption\":\"Trennungsplaner.ch\"},\"image\":{\"@id\":\"https:\/\/scheidungsplaner.ch\/#logo\"}},{\"@type\":\"WebSite\",\"@id\":\"https:\/\/scheidungsplaner.ch\/#website\",\"url\":\"https:\/\/scheidungsplaner.ch\/\",\"name\":\"\",\"description\":\"Die Site rund um Scheidung\",\"publisher\":{\"@id\":\"https:\/\/scheidungsplaner.ch\/#organization\"},\"potentialAction\":[{\"@type\":\"SearchAction\",\"target\":\"https:\/\/scheidungsplaner.ch\/?s={search_term_string}\",\"query-input\":\"required name=search_term_string\"}],\"inLanguage\":\"de\"},{\"@type\":\"ImageObject\",\"@id\":\"https:\/\/scheidungsplaner.ch\/?product=unterhaltsberechnung-bei-trennung#primaryimage\",\"inLanguage\":\"de\",\"url\":\"https:\/\/scheidungsplaner.ch\/wp-content\/uploads\/2020\/02\/AC-BerCalcScheidung.png\",\"width\":400,\"height\":300,\"caption\":\"Beratung & Berechnung Scheidungsunterhalt\"},{\"@type\":\"WebPage\",\"@id\":\"https:\/\/scheidungsplaner.ch\/?product=unterhaltsberechnung-bei-trennung#webpage\",\"url\":\"https:\/\/scheidungsplaner.ch\/?product=unterhaltsberechnung-bei-trennung\",\"name\":\"Beratung Unterhalt Scheidung, resp. Berechnung Scheidungsunterhalt\",\"isPartOf\":{\"@id\":\"https:\/\/scheidungsplaner.ch\/#website\"},\"primaryImageOfPage\":{\"@id\":\"https:\/\/scheidungsplaner.ch\/?product=unterhaltsberechnung-bei-trennung#primaryimage\"},\"datePublished\":\"2020-02-29T19:55:24+00:00\",\"dateModified\":\"2020-05-12T20:20:14+00:00\",\"description\":\"Mit der Beratung f\\u00fcr Scheidungsunterhalt verf\\u00fcgen Sie am Ende \\u00fcber Ihre individuelle Berechnung des Unterhalts als Basis f\\u00fcr eine Konvention.\",\"inLanguage\":\"de\",\"potentialAction\":[{\"@type\":\"ReadAction\",\"target\":[\"https:\/\/scheidungsplaner.ch\/?product=unterhaltsberechnung-bei-trennung\"]}]}]}<\/script>\n<!-- \/ Yoast SEO plugin. -->","_links":{"self":[{"href":"https:\/\/scheidungsplaner.ch\/index.php?rest_route=\/wp\/v2\/product\/11"}],"collection":[{"href":"https:\/\/scheidungsplaner.ch\/index.php?rest_route=\/wp\/v2\/product"}],"about":[{"href":"https:\/\/scheidungsplaner.ch\/index.php?rest_route=\/wp\/v2\/types\/product"}],"wp:featuredmedia":[{"embeddable":true,"href":"https:\/\/scheidungsplaner.ch\/index.php?rest_route=\/wp\/v2\/media\/152"}],"wp:attachment":[{"href":"https:\/\/scheidungsplaner.ch\/index.php?rest_route=%2Fwp%2Fv2%2Fmedia&parent=11"}],"curies":[{"name":"wp","href":"https:\/\/api.w.org\/{rel}","templated":true}]}}